t the prime factors of -4 + -1 + 23 - -7054.
2, 13, 17
Let r(q) = q**2 + 2*q - 24. Let s = 46 - 54. Let u be r(s). Suppose 0 = -k + u + 168. List the prime factors of k.
2, 3
Suppose -28*v + 33453 = -47925 - 89786. What are the prime factors of v?
6113
Let a(n) = -11404*n**3 - 20*n - 21. List the prime factors of a(-1).
3, 7, 181
Suppose -f = 3, 5*f + 23 = 4*y - 8. Suppose -8 = -3*c - y*b + 9, 3*b = 2*c. Suppose c*q + 2*q - 360 = 0. List the prime factors of q.
2, 3
Let d(z) = 5*z + 49. Let q be d(-8). Suppose -q*t + 21 = -6. Suppose -2*v + 720 = 4*o, 0 = t*o + 3*v - 2*v - 539. List the prime factors of o.
179
Let t be 2430/75*(-130)/2. Let v = t - -4034. What are the prime factors of v?
2, 241
Suppose -3*l = 8 - 20. Suppose -b = l*b - 345. Let y = b + -8. List the prime factors of y.
61
Let m(s) = -6*s**2 - 4*s - 1. Let y(f) = -f**2 + f - 1. Let j(n) = m(n) - 5*y(n). Suppose -21 = u + 2*u. List the prime factors of j(u).
2, 3
Suppose 2*r + 22 - 32 = -2*f, 0 = 4*r - 4*f - 4. Suppose 2*c - 6*c - r*k + 2749 = 0, -2*c + 1397 = -3*k. List the prime factors of c.
691
Suppose -5*q - 212 = -4*w, -1 = -4*w - 9. Let b = q - -47. Suppose -v + 138 = 2*c, c + 4*v = b*v + 70. List the prime factors of c.
2, 17
Let m be (0/(-4))/(-5 + 1). Let u(h) = -h**2 + 182. List the prime factors of u(m).
2, 7, 13
Suppose -18*t = -20*t + 16852. List the prime factors of t.
2, 11, 383
Suppose -5*t = 3*s - 50002, -3*s + 18882 + 1117 = 2*t. List the prime factors of t.
73, 137
Suppose -5*f + 2*d - 3*d = -5035, 2*d = -4*f + 4034. Let q = -353 + f. What are the prime factors of q?
653
Let u be ((-4)/(-2))/((-18)/(-27)). Suppose 3*k = -a + 8*k - 13, u*k = 4*a - 16. What are the prime factors of ((-21)/2)/((105/(-160))/a)?
2, 7
Suppose 10*v - 3 - 17 = 0. Suppose -v*u - 2295 = -5*n, -4*n + 50 + 1786 = 3*u. Suppose 3*c - n = -6*c. What are the prime factors of c?
3, 17
Suppose 0 = 5*k + o - 13, 2*o - 13 = -4*k + 1. Suppose -k*h - 5*z + 595 + 741 = 0, 3*h + 5*z - 2009 = 0. What are the prime factors of h?
673
Let l(u) = -u**3 - 9*u**2 + u + 12. Let n be l(-9). Suppose -z - 10 = -4*g, -n*z = -6*z - g + 22. Let w(h) = 4*h**2 - 13*h - 8. List the prime factors of w(z).
2, 29
What are the prime factors of 2 - 148992/(-6) - (-2 - -2)?
2, 3, 4139
What are the prime factors of (0 - 11) + 1 + 4316?
2, 2153
Suppose -98 + 350 = -4*s. Let z = s - -71. What are the prime factors of 2215/15 + z/6?
149
Suppose -590189 = -327*s + 310*s. What are the prime factors of s?
149, 233
List the prime factors of ((-454)/4 - -13)/(2/(-120)).
2, 3, 5, 67
List the prime factors of (336/175 - 2) + (-219654)/(-50).
23, 191
Let k(t) = -2*t**2 - 71*t + 41. Let r be k(-36). Suppose -5*p + 3*f + 7898 = 0, -p + 420 = -r*f - 1142. What are the prime factors of p?
2, 7, 113
Suppose -3*f + 102 - 3 = 0. Suppose f + 23 = 7*x. Suppose x*n - 845 = 139. What are the prime factors of n?
3, 41
Let w be (-10656)/(-14) - (-7)/(-49). Suppose 4*j - 2924 = 4*y, j + 9*y - 4*y - w = 0. List the prime factors of j.
2, 23
Let g(c) = 145 + 35 + 9 - 26 - 525*c. List the prime factors of g(-3).
2, 11, 79
Let u(f) = -f**3 + 4*f**2 + 13*f + 5. Let p(q) = 3*q**3 - 7*q**2 - 27*q - 8. Let j(x) = -2*p(x) - 5*u(x). What are the prime factors of j(-4)?
3
Let c be 3/(-15) + (-46)/(-5). Suppose 7*q - 5 - c = 0. Suppose -q*i = -7*i + 515. List the prime factors of i.
103
Suppose 207 - 11 = 14*l. Suppose -12*b - 94 = -l*b. List the prime factors of b.
47
Let o(w) = -w**3 - 13*w**2 - 44*w + 5. Let k be o(-6). Suppose 11*j - k*j = -1530. List the prime factors of j.
3, 5, 17
Let h be (8/28)/(24/840). Let q(t) = 240*t**3 + 4*t**2 - 3*t. Let c be q(2). Suppose 0*s - c = -h*s. What are the prime factors of s?
193
Suppose u - 2 = t - 6, 0 = t - 4*u - 10. Suppose 4*w + 28 = 5*s - 2*s, -s = -t*w - 10. What are the prime factors of s?
2
Let w(c) = -11*c - 13. Let g be 252/27 - (-2)/(-6). Let i = 3 - g. List the prime factors of w(i).
53
Let w be (-352)/96*1*3. Let z(x) = -x**3 + x**2 + 38*x + 1. List the prime factors of z(w).
3, 5, 23
Let f = -479 - -484. Let c(j) = -j**2 + 15*j + 5 - 5. What are the prime factors of c(f)?
2, 5
Suppose 3*h + 3*d = 27105, -215*h + 45155 = -210*h - 5*d. List the prime factors of h.
3, 3011
List the prime factors of (-28)/238 - 2950615/(-85).
3, 7, 19, 29
Suppose -1102850 = -5128*r + 5082*r. List the prime factors of r.
5, 7, 137
Suppose 503 = -4*y - 821. Let u = 564 + y. List the prime factors of u.
233
Suppose -20*f = -48981 - 76687 - 8692. List the prime factors of f.
2, 3359
Let n be (9/6)/(-1)*(-16)/12. Let r be 2/(-10)*(3 + -638). Suppose -n*y = -y + 3*p - 143, y = 5*p + r. List the prime factors of y.
137
Suppose -17*d + 14188 = -653. List the prime factors of d.
3, 97
What are the prime factors of (-1)/(-4) - ((-20605734)/(-72))/(-17)?
5, 7, 13, 37
Suppose 4*l = -4*t + 3912, 958 = l - t + 6*t. Suppose -4*q = -2*a - 1954, 21*q - 19*q + 5*a = l. What are the prime factors of q?
3, 163
Let n be (-70)/175 + ((-8)/(-10))/2. Let a(d) = -3*d + 32. Let m be a(n). Suppose c + 2*o = 81, -405 = -5*c - 2*o - m. List the prime factors of c.
73
Let x = 443 + -456. Let i(r) = -r**3 - 12*r**2 - 5*r + 44. What are the prime factors of i(x)?
2, 139
Let p = 3497 + -1384. List the prime factors of p.
2113
Let s = -342 - -347. Suppose -5*f + 2*f = 2*b - 1267, -s*b - f = -3187. What are the prime factors of b?
2, 11, 29
Let v(k) = 7*k**3 - 15*k**2 + 15*k - 14. Let g(o) = -o**3. Let n(t) = 6*g(t) + v(t). Let j be n(14). Suppose -4*i + 5 + 63 = j. What are the prime factors of i?
17
Let b(f) = 3246*f + 11599. What are the prime factors of b(24)?
37, 41, 59
Let t be ((1 - -1)*-3)/(-1). Let k(g) = t + 5 - 2 + 4*g - g. List the prime factors of k(7).
2, 3, 5
Let y = -4528 + 4550. List the prime factors of y.
2, 11
What are the prime factors of (-10)/8 - 46901/(-4) - 3?
3, 3907
Let m = 5271 - 1799. What are the prime factors of m?
2, 7, 31
Suppose -7*i + 2688 = 3*i - 1682. List the prime factors of i.
19, 23
Suppose 5*p = 25, -7*q + 2*q - 5*p - 1555 = 0. Let v = 673 + q. List the prime factors of v.
3, 7, 17
Suppose -197*h = -143*h - 133488. What are the prime factors of h?
2, 3, 103
Let d(y) = 48*y + 372. Let c be d(-8). What are the prime factors of (c/(-8))/(5/650)?
3, 5, 13
Let m be (-91)/9 - 32/(-288). What are the prime factors of (-40)/100 - 4154/m?
5, 83
Let n = -71 - -73. Suppose -n = -3*x + 1, r - 4 = -4*x. Suppose -2*v = -4*t + 144, 3*v = -r*t - 2*t + 88. List the prime factors of t.
2, 19
Let s(l) = 2*l**2 - l + 3. Suppose 5*c + 1 = 11. Suppose 3*q - 9 = c*g - g, q - 3*g + 5 = 0. List the prime factors of s(q).
31
Let z(p) = -616*p + 1. Let v be z(1). Let m = -1030 - -1891. Let q = m + v. List the prime factors of q.
2, 3, 41
Let r be 2/(-2)*(2 + -7). Let a = 200 - 185. Suppose a = r*h, u - 4*h = -5 + 20. List the prime factors of u.
3
Suppose 35 = -n + r - 117, -2*n + 5*r - 307 = 0. Let i = -51 - n. List the prime factors of i.
2, 5
Suppose 4*t + c - 28601 = 0, -11*t + 8*t + 4*c + 21465 = 0. List the prime factors of t.
7151
Let l = 21 + -15. Suppose -3*g = -5*y - 668, l*g = 4*y + 2*g + 536. Let k = 197 + y. What are the prime factors of k?
2
Suppose -12*r + 13*r = -4. What are the prime factors of r/(-20) + 1 + (-8028)/(-10)?
2, 3, 67
Suppose 4*l + 2*l - 91025 = 57067. What are the prime factors of l?
2, 7, 41, 43
Let d(q) = 2*q**2 - 31*q + 6. Let j be d(21). Suppose 0 = a - 3, 0*a = -2*m + a + j. Suppose -21*g - m = -25*g. What are the prime factors of g?
2, 3, 5
Let q = -5604 + 13504. What are the prime factors of q?
2, 5, 79
Suppose -3*d + d = -18. Suppose 0 = d*i - 4*i + 170. What are the prime factors of (0 - -56)/(i/(-51))?
2, 3, 7
Suppose -91*s - 12 = -93*s. Suppose 0*t + s*t - 30 = 0. Let c(i) = 4*i**2 + 4*i + 5. What are the prime factors of c(t)?
5
Suppose 514626 = -63*r + 1864590. What are the prime factors of r?
2, 11, 487
Suppose 62*d - 100*d + 54*d - 169936 = 0. List the prime factors of d.
13, 19, 43
Let q be (-1 + 1 - -1)/((-6)/(-18)). Let y(r) = r**2 - 6*r + 12. Let b be y(q). Suppose 0 = -4*g + 2*a + 194, b*g + 4*a = -a + 126. List the prime factors of g.
47
Let f = -650 - -1372. What are the prime factors of f?
2, 19
Suppose -i + z - 42 = 0, 4*i = -5*z - 179 - 25. List the prime factors of i/(-161) - 1020